{"id":1243,"date":"2015-12-01T08:12:54","date_gmt":"2015-12-01T07:12:54","guid":{"rendered":"https:\/\/informix.rekers.de\/pl\/portfolio-items\/ansprechpartner\/"},"modified":"2025-05-14T13:20:09","modified_gmt":"2025-05-14T11:20:09","slug":"osoba-kontaktowa","status":"publish","type":"avada_portfolio","link":"https:\/\/www.rekers.de\/pl\/portfolio-items\/osoba-kontaktowa\/","title":{"rendered":"Osoba Kontaktowa"},"content":{"rendered":"<div class=\"fusion-fullwidth fullwidth-box fusion-builder-row-1 hundred-percent-fullwidth non-hundred-percent-height-scrolling\" style=\"--awb-border-radius-top-left:0px;--awb-border-radius-top-right:0px;--awb-border-radius-bottom-right:0px;--awb-border-radius-bottom-left:0px;--awb-overflow:visible;--awb-flex-wrap:wrap;\" ><div class=\"fusion-builder-row fusion-row\"><div class=\"fusion-layout-column fusion_builder_column fusion-builder-column-0 fusion_builder_column_1_3 1_3 fusion-one-third fusion-column-first\" style=\"--awb-bg-size:cover;width:30.6666%; margin-right: 4%;\"><div class=\"fusion-column-wrapper fusion-flex-column-wrapper-legacy\"><div class=\"fusion-widget-area awb-widget-area-element fusion-widget-area-1 fusion-content-widget-area\" style=\"--awb-title-size:13px;--awb-title-color:#333333;--awb-padding:0px 0px 0px 0px;\"><div id=\"nav_menu-18\" class=\"widget widget_nav_menu\" style=\"border-style: solid;border-color:transparent;border-width:0px;\"><div class=\"menu-kontaktmenue_pl-container\"><ul id=\"menu-kontaktmenue_pl\" class=\"menu\"><li id=\"menu-item-1218\" class=\"menu-item menu-item-type-post_type menu-item-object-avada_portfolio menu-item-1218\"><a href=\"https:\/\/www.rekers.de\/pl\/portfolio-items\/dzial-serwisowy\/\">Dzia\u0142 serwisowy<\/a><\/li>\n<li id=\"menu-item-1252\" class=\"menu-item menu-item-type-post_type menu-item-object-avada_portfolio menu-item-1252\"><a href=\"https:\/\/www.rekers.de\/pl\/portfolio-items\/worldwide\/\">Worldwide<\/a><\/li>\n<li id=\"menu-item-1221\" class=\"menu-item menu-item-type-post_type menu-item-object-avada_portfolio menu-item-1221\"><a href=\"https:\/\/www.rekers.de\/pl\/portfolio-items\/goraca-linia-serwisu\/\">Gor\u0105ca linia serwisu<\/a><\/li>\n<li id=\"menu-item-1259\" class=\"menu-item menu-item-type-post_type menu-item-object-avada_portfolio menu-item-1259\"><a href=\"https:\/\/www.rekers.de\/pl\/portfolio-items\/lokalizacje\/\">Lokalizacje<\/a><\/li>\n<li id=\"menu-item-1258\" class=\"menu-item menu-item-type-post_type menu-item-object-avada_portfolio menu-item-1258\"><a href=\"https:\/\/www.rekers.de\/pl\/portfolio-items\/dzial-czesci-zamiennych\/\">Dzial cz\u0119\u015bci zamiennych<\/a><\/li>\n<li id=\"menu-item-1257\" class=\"menu-item menu-item-type-post_type menu-item-object-avada_portfolio menu-item-1257\"><a href=\"https:\/\/www.rekers.de\/pl\/portfolio-items\/anreise\/\">Anreise<\/a><\/li>\n<\/ul><\/div><\/div><div class=\"fusion-additional-widget-content\"><\/div><\/div><div class=\"fusion-clearfix\"><\/div><\/div><\/div><div class=\"fusion-layout-column fusion_builder_column fusion-builder-column-1 fusion_builder_column_2_3 2_3 fusion-two-third fusion-column-last\" style=\"--awb-bg-size:cover;width:65.3333%;\"><div class=\"fusion-column-wrapper fusion-flex-column-wrapper-legacy\"><div class=\"accordian fusion-accordian\" style=\"--awb-border-size:1px;--awb-icon-size:13px;--awb-content-font-size:13px;--awb-icon-alignment:left;--awb-hover-color:#f9f9f9;--awb-border-color:#cccccc;--awb-background-color:#ffffff;--awb-divider-color:#e0dede;--awb-divider-hover-color:#e0dede;--awb-icon-color:#ffffff;--awb-title-color:#333333;--awb-content-color:#747474;--awb-icon-box-color:#333333;--awb-toggle-hover-accent-color:#005091;--awb-title-font-family:Arial, Helvetica, sans-serif;--awb-title-font-weight:400;--awb-title-font-style:normal;--awb-title-font-size:13px;--awb-title-letter-spacing:0px;--awb-title-line-height:1.54;--awb-content-font-family:Arial, Helvetica, sans-serif;--awb-content-font-style:normal;--awb-content-font-weight:400;\"><div class=\"panel-group fusion-toggle-icon-boxed\" id=\"accordion-1243-1\"><div class=\"fusion-panel panel-default panel-bcd1ed88775de8c59 fusion-toggle-has-divider\"><div class=\"panel-heading\"><h4 class=\"panel-title toggle\" id=\"toggle_bcd1ed88775de8c59\"><a aria-expanded=\"false\" aria-controls=\"bcd1ed88775de8c59\" role=\"button\" data-toggle=\"collapse\" data-parent=\"#accordion-1243-1\" data-target=\"#bcd1ed88775de8c59\" href=\"#bcd1ed88775de8c59\"><span class=\"fusion-toggle-icon-wrapper\" aria-hidden=\"true\"><i class=\"fa-fusion-box active-icon awb-icon-minus\" aria-hidden=\"true\"><\/i><i class=\"fa-fusion-box inactive-icon awb-icon-plus\" aria-hidden=\"true\"><\/i><\/span><span class=\"fusion-toggle-heading\">Kierownictwo firmy<\/span><\/a><\/h4><\/div><div id=\"bcd1ed88775de8c59\" class=\"panel-collapse collapse \" aria-labelledby=\"toggle_bcd1ed88775de8c59\"><div class=\"panel-body toggle-content fusion-clearfix\">\n<p><strong>Norbert Foppe<\/strong><br \/>\nPrezes zarz\u0105dzaj\u0105cy ds. technicznych | Tel.: +49 5977 936-0 | E-Mail: <a href=\"mailto:info@rekers.de\">info@rekers.de<\/a><\/p>\n<p><strong>Annette Foppe<\/strong><br \/>\nPrezes zarz\u0105dzaj\u0105cy ds. handlowych | Tel.: +49 5977 936-0 | E-Mail: <a href=\"mailto:info@rekers.de\">info@rekers.de<\/a><\/p>\n<p><strong>Gerd Berghaus<\/strong><br \/>\nKierownik dzia\u0142u automatyzacji &amp; serwisu | Tel.: +49 5977 936-0 | E-Mail: <a href=\"mailto:info@rekers.de\">info@rekers.de<\/a><\/p>\n<p><strong>Christoph Driever<\/strong><br \/>\nKierownik dzia\u0142u finansowego | Tel.: +49 5977 936-0 | E-Mail: <a href=\"mailto:info@rekers.de\">info@rekers.de<\/a><\/p>\n<p><strong>Arjan Kemp<\/strong><br \/>\nKierownik dzia\u0142u konstrukcji&amp;produkcji | Tel.: +49 5977 936-0 | E-Mail: <a href=\"mailto:info@rekers.de\">info@rekers.de<\/a><\/p>\n<p><strong>Jonas Sperver<\/strong><br \/>\nKierownik ds. sprzeda\u017cy mi\u0119dzynarodowej | Tel.: +49 5977 936-0 | E-Mail: <a href=\"mailto:info@rekers.de\">info@rekers.de<\/a><\/p>\n<\/div><\/div><\/div><div class=\"fusion-panel panel-default panel-9d265dd2a723aa7ce fusion-toggle-has-divider\"><div class=\"panel-heading\"><h4 class=\"panel-title toggle\" id=\"toggle_9d265dd2a723aa7ce\"><a aria-expanded=\"false\" aria-controls=\"9d265dd2a723aa7ce\" role=\"button\" data-toggle=\"collapse\" data-parent=\"#accordion-1243-1\" data-target=\"#9d265dd2a723aa7ce\" href=\"#9d265dd2a723aa7ce\"><span class=\"fusion-toggle-icon-wrapper\" aria-hidden=\"true\"><i class=\"fa-fusion-box active-icon awb-icon-minus\" aria-hidden=\"true\"><\/i><i class=\"fa-fusion-box inactive-icon awb-icon-plus\" aria-hidden=\"true\"><\/i><\/span><span class=\"fusion-toggle-heading\">Dystrybucja<\/span><\/a><\/h4><\/div><div id=\"9d265dd2a723aa7ce\" class=\"panel-collapse collapse \" aria-labelledby=\"toggle_9d265dd2a723aa7ce\"><div class=\"panel-body toggle-content fusion-clearfix\">\n<p><strong>Jonas Sperver<\/strong><br \/>\nKierownik ds. sprzeda\u017cy mi\u0119dzynarodowej | Tel.: +49 5977 936-164 | E-Mail: <a href=\"mailto:jonas.sperver@rekers.de\">jonas.sperver@rekers.de<\/a><\/p>\n<p><strong>Franz-Josef Papen<\/strong><br \/>\nSprzeda\u017c mi\u0119dzynarodowa | Tel.: +49 5977 936-160 | E-Mail: <a href=\"mailto:franz-josef.papen@rekers.de\">franz-josef.papen@rekers.de<\/a><\/p>\n<p><strong>Paul Krause<\/strong><br \/>\nSprzeda\u017c Rosja | Tel.: +49 5977 936-181 | E-Mail: <a href=\"mailto:paul.krause@rekers.de\">paul.krause@rekers.de<\/a><\/p>\n<p><strong>Klaus S\u00e4ndker<\/strong><br \/>\nSprzeda\u017c \/ Projektowanie | Tel.: +49 5977 936-182 | E-Mail: <a href=\"mailto:klaus.saendker@rekers.de\">klaus.saendker@rekers.de<\/a><\/p>\n<p><strong>Andreas Teders<\/strong><br \/>\nSprzeda\u017c \/ Projektowanie | Tel.: +49 5977 936-183 | E-Mail: <a href=\"mailto:andreas.teders@rekers.de\">andreas.teders@rekers.de<\/a><\/p>\n<\/div><\/div><\/div><div class=\"fusion-panel panel-default panel-a17c1d0c1e5559ee8 fusion-toggle-has-divider\"><div class=\"panel-heading\"><h4 class=\"panel-title toggle\" id=\"toggle_a17c1d0c1e5559ee8\"><a aria-expanded=\"false\" aria-controls=\"a17c1d0c1e5559ee8\" role=\"button\" data-toggle=\"collapse\" data-parent=\"#accordion-1243-1\" data-target=\"#a17c1d0c1e5559ee8\" href=\"#a17c1d0c1e5559ee8\"><span class=\"fusion-toggle-icon-wrapper\" aria-hidden=\"true\"><i class=\"fa-fusion-box active-icon awb-icon-minus\" aria-hidden=\"true\"><\/i><i class=\"fa-fusion-box inactive-icon awb-icon-plus\" aria-hidden=\"true\"><\/i><\/span><span class=\"fusion-toggle-heading\">Serwis<\/span><\/a><\/h4><\/div><div id=\"a17c1d0c1e5559ee8\" class=\"panel-collapse collapse \" aria-labelledby=\"toggle_a17c1d0c1e5559ee8\"><div class=\"panel-body toggle-content fusion-clearfix\">\n<p><a href=\"https:\/\/informix.rekers.de\/portfolio-items\/service-hotline-2\/\">Service-Hotline<\/a><br \/>\n<a href=\"https:\/\/informix.rekers.de\/portfolio-items\/ersatzteilservice\/\">Ersatzteildienst<\/a><\/p>\n<\/div><\/div><\/div><div class=\"fusion-panel panel-default panel-97466a33a95d3126e fusion-toggle-has-divider\"><div class=\"panel-heading\"><h4 class=\"panel-title toggle\" id=\"toggle_97466a33a95d3126e\"><a aria-expanded=\"false\" aria-controls=\"97466a33a95d3126e\" role=\"button\" data-toggle=\"collapse\" data-parent=\"#accordion-1243-1\" data-target=\"#97466a33a95d3126e\" href=\"#97466a33a95d3126e\"><span class=\"fusion-toggle-icon-wrapper\" aria-hidden=\"true\"><i class=\"fa-fusion-box active-icon awb-icon-minus\" aria-hidden=\"true\"><\/i><i class=\"fa-fusion-box inactive-icon awb-icon-plus\" aria-hidden=\"true\"><\/i><\/span><span class=\"fusion-toggle-heading\">Dzia\u0142 zaopatrzenia<\/span><\/a><\/h4><\/div><div id=\"97466a33a95d3126e\" class=\"panel-collapse collapse \" aria-labelledby=\"toggle_97466a33a95d3126e\"><div class=\"panel-body toggle-content fusion-clearfix\">\n<p><strong>Peter Meyer<\/strong><br \/>\nSzef dzia\u0142u gospodarki materia\u0142owej i zakup\u00f3w\u00a0| Tel.:+49 5977 936-125 | E-Mail: <a href=\"mailto:peter.meyer@rekers.de\">peter.meyer@rekers.de<\/a><\/p>\n<p><strong>Friedhelm L\u00fchn<\/strong><br \/>\nZakupy techniczne | Tel.: +49 5977 936-124 | E-Mail: <a href=\"mailto:fr%69edhelm.lueh%6E%40rek%65%72s.de\">friedhelm.luehn@rekers.de<\/a><\/p>\n<p><strong>Hendrik Vossmeyer<\/strong><br \/>\nZakupy | Tel.: +49 5977 936-123 | E-Mail: <a href=\"mailto:hendrik.vossmeyer@rekers.de\">hendrik.vossmeyer@rekers.de<\/a><\/p>\n<\/div><\/div><\/div><div class=\"fusion-panel panel-default panel-38e71882991262aac fusion-toggle-has-divider\"><div class=\"panel-heading\"><h4 class=\"panel-title toggle\" id=\"toggle_38e71882991262aac\"><a aria-expanded=\"false\" aria-controls=\"38e71882991262aac\" role=\"button\" data-toggle=\"collapse\" data-parent=\"#accordion-1243-1\" data-target=\"#38e71882991262aac\" href=\"#38e71882991262aac\"><span class=\"fusion-toggle-icon-wrapper\" aria-hidden=\"true\"><i class=\"fa-fusion-box active-icon awb-icon-minus\" aria-hidden=\"true\"><\/i><i class=\"fa-fusion-box inactive-icon awb-icon-plus\" aria-hidden=\"true\"><\/i><\/span><span class=\"fusion-toggle-heading\">Zarz\u0105dzanie zasobami ludzkimi<\/span><\/a><\/h4><\/div><div id=\"38e71882991262aac\" class=\"panel-collapse collapse \" aria-labelledby=\"toggle_38e71882991262aac\"><div class=\"panel-body toggle-content fusion-clearfix\">\n<p><strong>Sandra Dust<\/strong><br \/>\nTel.: +49 5977 936-130 | E-Mail: <a href=\"mailto:%73%61ndr%61.dus%74@%72eker%73%2E%64e\">sandra.dust@rekers.de<\/a><\/p>\n<\/div><\/div><\/div><\/div><\/div><div class=\"fusion-clearfix\"><\/div><\/div><\/div><\/div><\/div>\n","protected":false},"excerpt":{"rendered":"","protected":false},"author":2,"featured_media":0,"menu_order":17,"comment_status":"open","ping_status":"closed","template":"","format":"standard","meta":{"footnotes":""},"portfolio_category":[55],"portfolio_skills":[],"portfolio_tags":[],"class_list":["post-1243","avada_portfolio","type-avada_portfolio","status-publish","format-standard","hentry","portfolio_category-kontakt-pl"],"aioseo_notices":[],"_links":{"self":[{"href":"https:\/\/www.rekers.de\/pl\/wp-json\/wp\/v2\/avada_portfolio\/1243","targetHints":{"allow":["GET"]}}],"collection":[{"href":"https:\/\/www.rekers.de\/pl\/wp-json\/wp\/v2\/avada_portfolio"}],"about":[{"href":"https:\/\/www.rekers.de\/pl\/wp-json\/wp\/v2\/types\/avada_portfolio"}],"author":[{"embeddable":true,"href":"https:\/\/www.rekers.de\/pl\/wp-json\/wp\/v2\/users\/2"}],"replies":[{"embeddable":true,"href":"https:\/\/www.rekers.de\/pl\/wp-json\/wp\/v2\/comments?post=1243"}],"version-history":[{"count":42,"href":"https:\/\/www.rekers.de\/pl\/wp-json\/wp\/v2\/avada_portfolio\/1243\/revisions"}],"predecessor-version":[{"id":22896,"href":"https:\/\/www.rekers.de\/pl\/wp-json\/wp\/v2\/avada_portfolio\/1243\/revisions\/22896"}],"wp:attachment":[{"href":"https:\/\/www.rekers.de\/pl\/wp-json\/wp\/v2\/media?parent=1243"}],"wp:term":[{"taxonomy":"portfolio_category","embeddable":true,"href":"https:\/\/www.rekers.de\/pl\/wp-json\/wp\/v2\/portfolio_category?post=1243"},{"taxonomy":"portfolio_skills","embeddable":true,"href":"https:\/\/www.rekers.de\/pl\/wp-json\/wp\/v2\/portfolio_skills?post=1243"},{"taxonomy":"portfolio_tags","embeddable":true,"href":"https:\/\/www.rekers.de\/pl\/wp-json\/wp\/v2\/portfolio_tags?post=1243"}],"curies":[{"name":"wp","href":"https:\/\/api.w.org\/{rel}","templated":true}]}}

<div class="fusion-fullwidth fullwidth-box fusion-builder-row-1 hundred-percent-fullwidth non-hundred-percent-height-scrolling" style="--awb-border-radius-top-left:0px;--awb-border-radius-top-right:0px;--awb-border-radius-bottom-right:0px;--awb-border-radius-bottom-left:0px;--awb-overflow:visible;--awb-flex-wrap:wrap;" ><div class="fusion-builder-row fusion-row"><div class="fusion-layout-column fusion_builder_column fusion-builder-column-0 fusion_builder_column_1_3 1_3 fusion-one-third fusion-column-first" style="--awb-bg-size:cover;width:30.6666%; margin-right: 4%;"><div class="fusion-column-wrapper fusion-flex-column-wrapper-legacy"><div class="fusion-widget-area awb-widget-area-element fusion-widget-area-1 fusion-content-widget-area" style="--awb-title-size:13px;--awb-title-color:#333333;--awb-padding:0px 0px 0px 0px;"><div id="nav_menu-18" class="widget widget_nav_menu" style="border-style: solid;border-color:transparent;border-width:0px;"><div class="menu-kontaktmenue_pl-container"><ul id="menu-kontaktmenue_pl" class="menu"><li id="menu-item-1218" class="menu-item menu-item-type-post_type menu-item-object-avada_portfolio menu-item-1218"><a href="https://www.rekers.de/pl/portfolio-items/dzial-serwisowy/">Dział serwisowy</a></li>
<li id="menu-item-1252" class="menu-item menu-item-type-post_type menu-item-object-avada_portfolio menu-item-1252"><a href="https://www.rekers.de/pl/portfolio-items/worldwide/">Worldwide</a></li>
<li id="menu-item-1221" class="menu-item menu-item-type-post_type menu-item-object-avada_portfolio menu-item-1221"><a href="https://www.rekers.de/pl/portfolio-items/goraca-linia-serwisu/">Gorąca linia serwisu</a></li>
<li id="menu-item-1259" class="menu-item menu-item-type-post_type menu-item-object-avada_portfolio menu-item-1259"><a href="https://www.rekers.de/pl/portfolio-items/lokalizacje/">Lokalizacje</a></li>
<li id="menu-item-1258" class="menu-item menu-item-type-post_type menu-item-object-avada_portfolio menu-item-1258"><a href="https://www.rekers.de/pl/portfolio-items/dzial-czesci-zamiennych/">Dzial części zamiennych</a></li>
<li id="menu-item-1257" class="menu-item menu-item-type-post_type menu-item-object-avada_portfolio menu-item-1257"><a href="https://www.rekers.de/pl/portfolio-items/anreise/">Anreise</a></li>
</ul></div></div><div class="fusion-additional-widget-content"></div></div><div class="fusion-clearfix"></div></div></div><div class="fusion-layout-column fusion_builder_column fusion-builder-column-1 fusion_builder_column_2_3 2_3 fusion-two-third fusion-column-last" style="--awb-bg-size:cover;width:65.3333%;"><div class="fusion-column-wrapper fusion-flex-column-wrapper-legacy"><div class="accordian fusion-accordian" style="--awb-border-size:1px;--awb-icon-size:13px;--awb-content-font-size:13px;--awb-icon-alignment:left;--awb-hover-color:#f9f9f9;--awb-border-color:#cccccc;--awb-background-color:#ffffff;--awb-divider-color:#e0dede;--awb-divider-hover-color:#e0dede;--awb-icon-color:#ffffff;--awb-title-color:#333333;--awb-content-color:#747474;--awb-icon-box-color:#333333;--awb-toggle-hover-accent-color:#005091;--awb-title-font-family:Arial, Helvetica, sans-serif;--awb-title-font-weight:400;--awb-title-font-style:normal;--awb-title-font-size:13px;--awb-title-letter-spacing:0px;--awb-title-line-height:1.54;--awb-content-font-family:Arial, Helvetica, sans-serif;--awb-content-font-style:normal;--awb-content-font-weight:400;"><div class="panel-group fusion-toggle-icon-boxed" id="accordion-1243-1"><div class="fusion-panel panel-default panel-bcd1ed88775de8c59 fusion-toggle-has-divider"><div class="panel-heading"><h4 class="panel-title toggle" id="toggle_bcd1ed88775de8c59"><a aria-expanded="false" aria-controls="bcd1ed88775de8c59" role="button" data-toggle="collapse" data-parent="#accordion-1243-1" data-target="#bcd1ed88775de8c59" href="#bcd1ed88775de8c59"><span class="fusion-toggle-icon-wrapper" aria-hidden="true"><i class="fa-fusion-box active-icon awb-icon-minus" aria-hidden="true"></i><i class="fa-fusion-box inactive-icon awb-icon-plus" aria-hidden="true"></i></span><span class="fusion-toggle-heading">Kierownictwo firmy</span></a></h4></div><div id="bcd1ed88775de8c59" class="panel-collapse collapse " aria-labelledby="toggle_bcd1ed88775de8c59"><div class="panel-body toggle-content fusion-clearfix">
<p><strong>Norbert Foppe</strong><br />
Prezes zarządzający ds. technicznych | Tel.: +49 5977 936-0 | E-Mail: <a href="mailto:info@rekers.de">info@rekers.de</a></p>
<p><strong>Annette Foppe</strong><br />
Prezes zarządzający ds. handlowych | Tel.: +49 5977 936-0 | E-Mail: <a href="mailto:info@rekers.de">info@rekers.de</a></p>
<p><strong>Gerd Berghaus</strong><br />
Kierownik działu automatyzacji &amp; serwisu | Tel.: +49 5977 936-0 | E-Mail: <a href="mailto:info@rekers.de">info@rekers.de</a></p>
<p><strong>Christoph Driever</strong><br />
Kierownik działu finansowego | Tel.: +49 5977 936-0 | E-Mail: <a href="mailto:info@rekers.de">info@rekers.de</a></p>
<p><strong>Arjan Kemp</strong><br />
Kierownik działu konstrukcji&amp;produkcji | Tel.: +49 5977 936-0 | E-Mail: <a href="mailto:info@rekers.de">info@rekers.de</a></p>
<p><strong>Jonas Sperver</strong><br />
Kierownik ds. sprzedaży międzynarodowej | Tel.: +49 5977 936-0 | E-Mail: <a href="mailto:info@rekers.de">info@rekers.de</a></p>
</div></div></div><div class="fusion-panel panel-default panel-9d265dd2a723aa7ce fusion-toggle-has-divider"><div class="panel-heading"><h4 class="panel-title toggle" id="toggle_9d265dd2a723aa7ce"><a aria-expanded="false" aria-controls="9d265dd2a723aa7ce" role="button" data-toggle="collapse" data-parent="#accordion-1243-1" data-target="#9d265dd2a723aa7ce" href="#9d265dd2a723aa7ce"><span class="fusion-toggle-icon-wrapper" aria-hidden="true"><i class="fa-fusion-box active-icon awb-icon-minus" aria-hidden="true"></i><i class="fa-fusion-box inactive-icon awb-icon-plus" aria-hidden="true"></i></span><span class="fusion-toggle-heading">Dystrybucja</span></a></h4></div><div id="9d265dd2a723aa7ce" class="panel-collapse collapse " aria-labelledby="toggle_9d265dd2a723aa7ce"><div class="panel-body toggle-content fusion-clearfix">
<p><strong>Jonas Sperver</strong><br />
Kierownik ds. sprzedaży międzynarodowej | Tel.: +49 5977 936-164 | E-Mail: <a href="mailto:jonas.sperver@rekers.de">jonas.sperver@rekers.de</a></p>
<p><strong>Franz-Josef Papen</strong><br />
Sprzedaż międzynarodowa | Tel.: +49 5977 936-160 | E-Mail: <a href="mailto:franz-josef.papen@rekers.de">franz-josef.papen@rekers.de</a></p>
<p><strong>Paul Krause</strong><br />
Sprzedaż Rosja | Tel.: +49 5977 936-181 | E-Mail: <a href="mailto:paul.krause@rekers.de">paul.krause@rekers.de</a></p>
<p><strong>Klaus Sändker</strong><br />
Sprzedaż / Projektowanie | Tel.: +49 5977 936-182 | E-Mail: <a href="mailto:klaus.saendker@rekers.de">klaus.saendker@rekers.de</a></p>
<p><strong>Andreas Teders</strong><br />
Sprzedaż / Projektowanie | Tel.: +49 5977 936-183 | E-Mail: <a href="mailto:andreas.teders@rekers.de">andreas.teders@rekers.de</a></p>
</div></div></div><div class="fusion-panel panel-default panel-a17c1d0c1e5559ee8 fusion-toggle-has-divider"><div class="panel-heading"><h4 class="panel-title toggle" id="toggle_a17c1d0c1e5559ee8"><a aria-expanded="false" aria-controls="a17c1d0c1e5559ee8" role="button" data-toggle="collapse" data-parent="#accordion-1243-1" data-target="#a17c1d0c1e5559ee8" href="#a17c1d0c1e5559ee8"><span class="fusion-toggle-icon-wrapper" aria-hidden="true"><i class="fa-fusion-box active-icon awb-icon-minus" aria-hidden="true"></i><i class="fa-fusion-box inactive-icon awb-icon-plus" aria-hidden="true"></i></span><span class="fusion-toggle-heading">Serwis</span></a></h4></div><div id="a17c1d0c1e5559ee8" class="panel-collapse collapse " aria-labelledby="toggle_a17c1d0c1e5559ee8"><div class="panel-body toggle-content fusion-clearfix">
<p><a href="https://informix.rekers.de/portfolio-items/service-hotline-2/">Service-Hotline</a><br />
<a href="https://informix.rekers.de/portfolio-items/ersatzteilservice/">Ersatzteildienst</a></p>
</div></div></div><div class="fusion-panel panel-default panel-97466a33a95d3126e fusion-toggle-has-divider"><div class="panel-heading"><h4 class="panel-title toggle" id="toggle_97466a33a95d3126e"><a aria-expanded="false" aria-controls="97466a33a95d3126e" role="button" data-toggle="collapse" data-parent="#accordion-1243-1" data-target="#97466a33a95d3126e" href="#97466a33a95d3126e"><span class="fusion-toggle-icon-wrapper" aria-hidden="true"><i class="fa-fusion-box active-icon awb-icon-minus" aria-hidden="true"></i><i class="fa-fusion-box inactive-icon awb-icon-plus" aria-hidden="true"></i></span><span class="fusion-toggle-heading">Dział zaopatrzenia</span></a></h4></div><div id="97466a33a95d3126e" class="panel-collapse collapse " aria-labelledby="toggle_97466a33a95d3126e"><div class="panel-body toggle-content fusion-clearfix">
<p><strong>Peter Meyer</strong><br />
Szef działu gospodarki materiałowej i zakupów | Tel.:+49 5977 936-125 | E-Mail: <a href="mailto:peter.meyer@rekers.de">peter.meyer@rekers.de</a></p>
<p><strong>Friedhelm Lühn</strong><br />
Zakupy techniczne | Tel.: +49 5977 936-124 | E-Mail: <a href="mailto:fr%69edhelm.lueh%6E%40rek%65%72s.de">friedhelm.luehn@rekers.de</a></p>
<p><strong>Hendrik Vossmeyer</strong><br />
Zakupy | Tel.: +49 5977 936-123 | E-Mail: <a href="mailto:hendrik.vossmeyer@rekers.de">hendrik.vossmeyer@rekers.de</a></p>
</div></div></div><div class="fusion-panel panel-default panel-38e71882991262aac fusion-toggle-has-divider"><div class="panel-heading"><h4 class="panel-title toggle" id="toggle_38e71882991262aac"><a aria-expanded="false" aria-controls="38e71882991262aac" role="button" data-toggle="collapse" data-parent="#accordion-1243-1" data-target="#38e71882991262aac" href="#38e71882991262aac"><span class="fusion-toggle-icon-wrapper" aria-hidden="true"><i class="fa-fusion-box active-icon awb-icon-minus" aria-hidden="true"></i><i class="fa-fusion-box inactive-icon awb-icon-plus" aria-hidden="true"></i></span><span class="fusion-toggle-heading">Zarządzanie zasobami ludzkimi</span></a></h4></div><div id="38e71882991262aac" class="panel-collapse collapse " aria-labelledby="toggle_38e71882991262aac"><div class="panel-body toggle-content fusion-clearfix">
<p><strong>Sandra Dust</strong><br />
Tel.: +49 5977 936-130 | E-Mail: <a href="mailto:%73%61ndr%61.dus%74@%72eker%73%2E%64e">sandra.dust@rekers.de</a></p>
</div></div></div></div></div><div class="fusion-clearfix"></div></div></div></div></div>
